(5).
12
Let t be -3*(28/6)/(-7). Let c(f) = -t*f**2 + 4*f**2 - 3*f**2 - 5 + 8*f. What is c(5)?
10
Let o(f) = -f**2 - 6*f + 18. Suppose i - 2 = -2*b, 5*i = -17*b + 13*b - 20. Give o(i).
2
Suppose -8*s - 40 = 8. Let u be (s - -9)*(-2)/1. Let b(h) = -h**3 - 7*h**2 - 8*h - 1. Determine b(u).
11
Let i(p) be the third derivative of p**5/60 - p**4/24 + p**2. Let k(j) = -j - 12. Let u be k(-15). Let v be (-2 - (-6)/2)/(u/6). What is i(v)?
2
Let k be -2 + (-1*8)/(-2). Suppose 4*c = k*v + 6, v - 4*v + 23 = 2*c. Let i(s) = -s - 7. Give i(v).
-12
Let b(u) = 6*u**3 + 5*u**2 + 3*u + 5. Let g(x) = -x**2 - x - 1. Let s(j) = b(j) + 4*g(j). Suppose -2*q = -4*q + 2. Give s(q).
7
Let m = 930 + -930. Let y(w) be the third derivative of 0*w + m*w**4 - 6*w**2 - 1/10*w**5 + 1/6*w**3 + 0. Calculate y(1).
-5
Let w(d) = -10*d**2 - 4*d - 15. Let b(s) = -21*s**2 - 8*s - 32. Let l(t) = -6*b(t) + 13*w(t). What is l(-2)?
-11
Let u(n) be the second derivative of 0 + 1/6*n**3 + 0*n**2 + 12*n + 13/20*n**5 + 1/12*n**4. Calculate u(-1).
-13
Let n(j) = j - 7. Let d(o) = -o**3 + 22*o**2 - 46*o + 5. Let f(b) = -b. Let u(q) = d(q) - 6*f(q). Let k be u(20). What is n(k)?
-2
Let q(j) = -970*j**2 + j**3 - 1 + 2*j + 973*j**2 + 0*j**3. Give q(-3).
-7
Let l(k) = k + 51 + 2*k - 56 - 7*k + 7*k. Give l(5).
10
Let t = -1 + 3. Let f(a) = -2*a**3 + 3*a**2 - 7*a - 6. Let n be f(-4). Let v(c) = -n*c + c**2 - t - c**3 + 198*c. What is v(-2)?
10
Let n(u) = -u**3 - 11*u**2 + 27*u + 10. Let y be n(-13). Let q(f) = f**3 + 3*f**2 + f - 3. What is q(y)?
-6
Let y = 902 - 894. Let m(f) be the third derivative of -y*f**2 + 0 + 0*f - 1/24*f**4 - 4/3*f**3. Calculate m(0).
-8
Let o = -18 - -26. Suppose 0 = -3*k + 1 + o. Let a be (-4)/24*k*-2. Let c(z) = -7*z**2 - z. Determine c(a).
-8
Let t be ((-36)/90)/(1/105). Let r = 37 + t. Let b(n) = -n**2 - 6*n - 2. Calculate b(r).
3
Let h(f) = -2 - f + 6*f - 11*f**2 - 8*f**2 + 18*f**2. Let y(k) = -4*k. Let i be y(-4). Let j be 7*(2 - i/14). Calculate h(j).
-8
Let h(x) be the second derivative of 0 - 1/3*x**3 - 31*x + 1/12*x**4 - 3*x**2. Give h(6).
18
Let n be 66*(-4)/18*-3. Let b(w) = -1 + 45*w - n*w + 0. Let g(c) = c - 9. Let v be g(4). Calculate b(v).
-6
Let s(n) = 33*n**2 - 5*n**2 + 8 - n**3 - 1 - 20*n**2 - 11*n**2 + 4*n. Give s(-3).
-5
Suppose 0 = -5*t + b + 11, 0 = -t - 2*b + 5*b + 5. Suppose s + 0*s - t = 0. Let j(p) = p - 4*p + 6 + p**s - p. Determine j(5).
11
Let k(b) = 4142*b**2 - 4112*b**2 + 65 + 31*b - b**3 - 2*b. Determine k(31).
3
Let g be -1 - 2/(-1) - -9. Let w(y) = -62 + 17 + 24 + 5329*y + 25 - 5330*y. What is w(g)?
-6
Let z = 58 - 79. Let u = z - -25. Let p(x) = x**3 - 4*x**2 - 4*x + 3. Calculate p(u).
-13
Let v(y) = -3*y + 4. Let u be 1*66/(-11) - 0. Calculate v(u).
22
Let c = 47 - 51. Let q be 105/14 - 2/c. Let v(g) = -g**3 + 8*g**2 + 7. Calculate v(q).
7
Let t = -148 + 147. Let d(w) = -9*w. Give d(t).
9
Let u(t) be the first derivative of -t**4/4 + 4*t**3/3 + 7*t**2/2 - 2*t + 189. Determine u(5).
8
Let u(x) = x**2 + 5*x - 5. Let l = -192 + 185. Calculate u(l).
9
Let d(x) = -x**3 - 3*x**2 + 2. Let t = -78 + 76. Let q be d(t). Let r(g) = -g**3 - 2*g**2 - g + 2. Give r(q).
4
Let v(q) be the first derivative of -q**3/3 - q**2/2 + 17*q - 133. Determine v(-5).
-3
Suppose -2*s + 9 = -5*u, 2*u - 5*u - 15 = 2*s. Let h = u - -12. Suppose -5*c + h*c = -20. Let x(y) = -y**3 - 5*y**2 + 6. What is x(c)?
6
Let p(t) = -12*t + 1. Let s = 85 - 87. Let w be ((-1)/s)/(23/(-46)). What is p(w)?
13
Let w = 5 + -3. Let z(d) be the first derivative of 3*d**2 - 2*d - 2*d**2 - 1 + d**2 - 3*d**w. Determine z(-2).
2
Let t(y) = -y**3 - 8*y**2 - 6*y - 2. Let b(p) = 37*p + 215. Let j be b(-6). Calculate t(j).
-9
Let h be 90/585 - (-74)/26. Let i(w) be the first derivative of w**3/3 - 3*w + 1. Calculate i(h).
6
Let o be (-3)/(-2*(-4)/(-280)). Let c(t) = 106*t**3 + 5*t + 6*t**2 - o*t**3 - 8 + 2. Give c(-5).
-6
Suppose g - 45 = -51. Let s(y) = -1. Let v(j) = j - 2. Let x(w) = 3*s(w) - v(w). Calculate x(g).
5
Let g(d) = -d**3 + 5*d**2 - 5*d + 2. Let m be g(4). Let l be (0 - 3)/(-6)*m. Let j be (-2 + (l - -2))*1. Let q(z) = 7*z**2 - 1. Give q(j).
6
Let a(l) = 2*l**2 + 3 + 0*l**2 - l**2 - l**3 - 10. What is a(0)?
-7
Let p be 0 - 1/((-78)/18 + 4). Let k(g) = g**3 - 4*g**2 + 2. What is k(p)?
-7
Let f be 2*(56/(-1))/(-4). Suppose 2*j = -2*j + f. Suppose 6*v - j*v = -4. Let m(x) = x**3 - 6*x**2 + 5*x + 4. Give m(v).
-8
Let i(o) = -o**2 - 3*o - 4. Suppose 4*p = -3*x - 22, x = 6*p - 2*p + 14. Calculate i(x).
-2
Let w(l) = l**2 + 4*l - 2. Let k be (-10)/1 - (-2 - 8/2). Calculate w(k).
-2
Let j = 85 + -82. Suppose -5*a - 6*z = -z - 20, -5*z + 20 = 0. Suppose -3*d = j - 0, -r - 3*d = a. Let n(g) = g**2 - 1. Determine n(r).
8
Let v(d) = 1 - 4 - 1 - 5*d. Let b be 10/(-75) - (47/(-15) + 0). Let q be 6/(-4)*(-8 + b + 7). Calculate v(q).
11
Let s(x) = 2 + 2*x**2 - x + 0 + 3*x. Let n(u) = u**2 + 6*u + 12. Let h(g) = 2*g**2 + 11*g + 23. Let d(l) = 2*h(l) - 5*n(l). Let i be d(-6). Calculate s(i).
6
Let u(s) = -s**2 - 37*s + 22*s + 16*s + 0*s**2. Determine u(2).
-2
Let y(i) = 2*i + 2*i**2 - 2 + 6 + 2*i - i**3. Let b = 38 + -30. Suppose -3*g - 33 = -2*h - b*g, 2*h + g = 13. Calculate y(h).
-12
Let a(g) = -4*g + 1. Let l(s) = -s - 6. Let k be l(-9). Suppose 0 = -t + 4, -q = -4*q - k*t + 15. What is a(q)?
-3
Let x(n) = 2*n**3 - n**2 - 12*n + 21. Let k(f) = f**3 - 7*f + 11. Let a(v) = 11*k(v) - 6*x(v). Calculate a(5).
-5
Suppose q - 37 = -39. Let s be (-6)/q + 7*-2 - -4. Let d(g) = -g**2 - 7*g + 5. What is d(s)?
5
Let n(a) = a. Let r(l) = -7*l. Let v(u) = 18*n(u) + 2*r(u). Let s(k) = 11*k - 1. Let t(o) = -3*s(o) + 8*v(o). Suppose m + 8 = 5*m. Determine t(m).
1
Suppose -2*r - 3*y + 18 = y, -3*r + 4*y = 13. Let w = 0 + r. Let a(i) = i**2 - 3*i**3 + 1 + 1 - w - 2*i. What is a(1)?
-3
Suppose -13*f - 20 = -11*f. Let y(g) = g**2 + 10*g - 3. Give y(f).
-3
Let g(f) = 17*f**3 + 17*f**2 + 18*f + 10. Let h(x) = 13*x**3 + 16*x**2 + 17*x + 12. Let j(i) = -3*g(i) + 4*h(i). What is j(-12)?
-6
Let c(x) = -x**2 - 6*x - 10. Suppose -p = -0*s + 2*s + 14, -2*s - 6 = -p. Determine c(p).
-2
Let f(w) be the second derivative of 0*w**4 + 0*w**2 - 3/10*w**5 + w + 0 + 1/6*w**3. Let p be 20/28 - 8/(-28). Determine f(p).
-5
Let x(w) = w**3 - 7*w**2 - 3. Suppose -7*g + 4 = -3*g. Suppose u - 6 = g. Calculate x(u).
-3
Let q(j) = j**3 - 3*j**2 + 2*j. Suppose -34*h = -29*h - 10. Suppose -6*d + 4*d = h, -1 = u + 4*d. Calculate q(u).
6
Suppose -13*d = -80 - 11. Let u(g) = 3*g - 8. Give u(d).
13
Let u(q) = 17*q**2 + 0*q**2 - 9*q - 1 + 0 + 6*q + 4*q. Give u(1).
17
Let r be (-11)/(-121)*11 - (2 + 1). Let d(q) = -5*q - 4. Determine d(r).
6
Suppose -2 + 56 = 6*v. Let x(m) = -m**3 + 8*m**2 + 11*m - 11. Calculate x(v).
7
Let c(v) = -4*v. Suppose 0 = -5*q + 15, -3*l - q + 6 = -0*q. What is c(l)?
-4
Let n(u) = u**3 - 11*u**2 + 7*u - 7. Let k be 1/(0 - (-4 - 4)/80). Give n(k).
-37
Let o be (-111)/15 - 9/15. Let t be (-1)/o + (-434)/(-112). Let p(r) = -r + 5. Give p(t).
1
Let f(a) = -a**2 - 3*a + 4. Let z be (-90)/((-14)/4 - -2). Let s be (z/18)/(8/(-12)). Calculate f(s).
-6
Let c(g) = -11 - 51*g - 52*g + 102*g. Suppose 4*b + 4*w + 24 = 0, 0*b + 18 = -3*b + 2*w. What is c(b)?
-5
Let t(q) = q**3 + 7*q**2 + q + 5. Let s be t(-6). Let b = 39 - s. Let p(d) = 2*d**2 - 5*d + 4. Determine p(b).
16
Let o(t) = -t**2 + 3*t + 14. Let x be o(5). Let c(n) be the first derivative of n**2 + 1/3*n**3 - 5*n + x. Calculate c(-4).
3
Let p(o) be the first derivative of 2*o + 7/2*o**2 - 1/20*o**5 + 1/2*o**4 - 1 + 7/6*o**3. Let m(w) be the first derivative of p(w). Calculate m(7).
7
Let i(o) = 20 + 25 - 1 + o + 0*o. Determine i(0).
44
Let y(o) be the second derivative of o**5/20 + o**4/6 + o**3/6 - o**2/2 - o. Let j(m) = -2*m**2 + 46*m + 46. Let z be j(-1). What is y(z)?
-3
Let v(z) = z**3 - 9*z**2 - 2*z - 12. Let d be 0/(-2) - (11 - 9 - 11). Give v(d).
-30
Let z(k) = -16*k - 2 - 29754*k**2 + 15*k + 29755*k**2. Suppose -2 = 4*l - 30. Let c(a) = a**3 - 6*a**2 - 6*a - 9. Let b be c(l). What is z(b)?
4
Let o(f) = -11 - f + 11. Suppose 3*n = 55 - 37. Determine o(n).
-6
Let z(y) = -y**3 + 3*y**2 - 2*y + 2. Let x be z(2). Suppose -3*c + x = -7. Let p(f) = -f**2 - 3*f - 2*f**2 - 13*f**c + 14*f**3 + 3. Give p(3).
-6
Let r(z) = 19*z + 37. Let x(a) = 7*a + 13. Let f(o) = 3*r(o) -